*66/8.
2, 3, 11
Suppose 2*l - 14713 = 5*i, 36*i - 41*i = 25. What are the prime factors of l?
2, 3, 17
Suppose -h = 4*l - 27209, 5*h + 15*l - 18*l - 135976 = 0. List the prime factors of h.
27197
Let z(b) = 181*b**2 + 12*b - 5. What are the prime factors of z(3)?
2, 5, 83
Let a(n) = 28*n**2 + 23*n - 33. What are the prime factors of a(21)?
2, 3, 79
Suppose -243*l + 42*l = 8*l - 11310453. What are the prime factors of l?
3, 7, 859
Suppose 0 = 39*p - 285469 - 992288. What are the prime factors of p?
3, 67, 163
Let g = 2143 - -1962. What are the prime factors of g?
5, 821
Suppose 207*m + 264980 = 4*o + 211*m, -4*o - 12*m = -264980. What are the prime factors of o?
5, 13249
Suppose -4*m = -5*p - 105, 0 = 5*p - 0 + 25. Suppose -9450 = m*a - 34*a. What are the prime factors of a?
3, 5
Let i = -33 - -48. Suppose m + 2*m = i. Suppose -m*f - 4*q + 272 = -0*f, 3*f + q = 159. List the prime factors of f.
2, 13
What are the prime factors of 24/30 + 98469/45?
11, 199
Let g be (-2)/((-122)/24 + 5). Let u(r) = r**2 + 5*r - 52. List the prime factors of u(g).
2, 7, 23
Suppose 64 = 26*o - 28*o. What are the prime factors of 3 - 1 - 0 - 12*o?
2, 193
Suppose 3*r - 1 + 16 = 0, 2*a = -5*r - 343. Let u = a + 227. List the prime factors of u.
2, 17
Let l = 540 - -1673. List the prime factors of l.
2213
Let t = -18 - -15. Let n be (2 + t - -3) + -2. Suppose n = -0*r - 5*r + 365. What are the prime factors of r?
73
Let t = -434 + 456. Let p(g) = -g**3 - g - 137. Let k be p(0). Let z = t - k. What are the prime factors of z?
3, 53
Suppose -4*n + 58 - 22 = 0. Let r(q) = -4 + 1 + 3 + 3 - n*q. List the prime factors of r(-7).
2, 3, 11
Let h(c) = 10*c**3 + 2*c**2 - 4*c + 7. Let p be h(2). Suppose -79*i - 640 = -p*i. What are the prime factors of i?
2, 5
What are the prime factors of (4608/2048)/(3/668)?
3, 167
Suppose 4*s - 40 = -4*r, 4*s = 2*s + r + 5. List the prime factors of s - 1 - -274 - 2.
2, 3, 23
Let u(h) = 44*h - 7 + 6 - 7 + 16*h**2 - 52*h - 5. What are the prime factors of u(9)?
7, 173
Suppose 4*n + 4*v - 20 - 8 = 0, -5*n + 29 = 3*v. Let x be 0/2 + 638 + (2 - n). Suppose -z = 2*f - 116, 3*z - 4*f - x = -2*z. List the prime factors of z.
2, 31
Suppose -4*x = 1833*h - 1829*h - 53232, -26658 = -2*x + 5*h. What are the prime factors of x?
2, 3, 7, 317
Suppose -6*p - 12*p = -36. Suppose -478 = -p*i + 622. List the prime factors of i.
2, 5, 11
What are the prime factors of 4 + 406206/12 - (-38)/(-76)?
2, 16927
Suppose 4*l - 4*b - 29904 = 12172, 31550 = 3*l + 4*b. List the prime factors of l.
2, 3, 1753
Let a be (-5792)/(-48) + 1/3. Let k = -78 + a. Suppose 37*t - k*t = -402. List the prime factors of t.
67
Let z(x) = -2*x**3 + 5*x**2 + 13*x - 29. Let w be z(3). Let o = 347 - -525. Suppose -c - o = -4*b - 5*c, w = c. List the prime factors of b.
7, 31
Let n(b) = -26*b - 3. Let r be n(3). Suppose 5*x = -3*a + 1412, 3*x - 61 = -a + 787. Let s = x + r. What are the prime factors of s?
2, 101
Suppose -3*h + 3272 = t - 6622, -5*h - 2*t + 16489 = 0. List the prime factors of h.
3299
Let q = -779 - -785. Suppose q*g - 3*g + 3*a = 1065, -a = 4*g - 1435. What are the prime factors of g?
2, 3, 5
Let p be 3 + -53 + -1 + 2. Let t = p - 14. What are the prime factors of (-416)/24*t/6?
2, 7, 13
Let u be (-2)/(-9) - 256/(-144). What are the prime factors of 14/u - (-1868 + -40)?
5, 383
Let z be (-138)/(-4)*20/(-30). Let d(x) = x**2 + 17*x - 85. What are the prime factors of d(z)?
53
Let v be (-12378)/(-54)*3 - 1/(-3). Suppose 10*x - v = 572. What are the prime factors of x?
2, 3, 7
Let m be 52/(-6) - (-2)/3. Let y be ((-30)/40)/((-2)/m). What are the prime factors of (y/9)/(4/(-3108))?
7, 37
Let m(k) = -17*k - 241. Let h(o) = -9*o - 122. Let r(g) = 5*h(g) - 3*m(g). What are the prime factors of r(-6)?
7, 11
Suppose -2934 = -12*d + 7902. Let y = d + -612. What are the prime factors of y?
3, 97
Suppose 18*f = -3*f + 395849 - 5081. List the prime factors of f.
2, 1163
Suppose -61*p = -3*n - 57*p + 41089, 3*n + p - 41054 = 0. What are the prime factors of n?
13687
Suppose -7*d + 6*d = 11*d - 132576. List the prime factors of d.
2, 1381
Let j = 44264 + -4303. List the prime factors of j.
89, 449
Let b(v) = v**3 + 121*v**2 - 252*v + 1137. List the prime factors of b(-122).
23, 739
Let j = 56153 - 16678. What are the prime factors of j?
5, 1579
Let q = -296 - -303. Suppose q*v + v = 1640. What are the prime factors of v?
5, 41
Let c(d) be the second derivative of 11*d**5/20 - d**4/3 - 5*d**3/6 - d**2 + 23*d. Let t be c(-2). Let n = t - -225. List the prime factors of n.
3, 43
Suppose -4*b = r - 51, -5*b - r + 50 = 3*r. What are the prime factors of 266*(7/b - -1)?
3, 7, 19
Suppose 2*v - 107782 = 5*c, -3*v + 161652 = 44*c - 48*c. List the prime factors of v.
2, 13469
Suppose -156 = -11*j + 75. What are the prime factors of ((-144)/j - -5)*(-9 + 2)?
13
Let b = -2889 + 3226. What are the prime factors of b?
337
Let x(i) = 2729*i**2 - 26*i - 1. List the prime factors of x(-2).
11, 997
Suppose -5*d = 4*k - d - 20, -3*k - 4*d = -17. Suppose -k*w + 232 = -233. List the prime factors of w.
5, 31
Suppose 3*v + 229 = -10*r + 9*r, 5*v - r = -371. Let q be (-2)/(-1)*18/3. Let h = q - v. What are the prime factors of h?
3, 29
Suppose -5*l + 0*l - 25 = 0, 0 = 4*n + l + 12789. Let k = 23 - 15. List the prime factors of -3 + n/(-12) + k/(-6).
2, 131
List the prime factors of 68/(((-5)/221)/(-5)).
2, 13, 17
Suppose -2*y - 5*d + d = 70, 4*y = d - 95. List the prime factors of (-10030)/y + (-9)/45.
401
Suppose -2*h = -3*u - 24, 5*h = 2*u - 3*u + 43. Suppose -12 = -4*p - i, -3*p = -5*i + i - h. What are the prime factors of 18/p*-2*(-124)/16?
3, 31
Let j = -1512 - -12319. What are the prime factors of j?
101, 107
Suppose 46*i - 32*i - 262031 = -27*i. What are the prime factors of i?
7, 11, 83
Let n = -83527 - -118099. What are the prime factors of n?
2, 3, 43, 67
List the prime factors of (248/40 - 7)/(-3*(-1)/(-11010)).
2, 367
Let o(n) = n**3 - 3*n**2 - 5*n - 25. Let g be o(5). What are the prime factors of (g + -2)/(((-84)/711)/14)?
3, 79
What are the prime factors of -3 + 33594 - (2 + -4 + 35/7)?
2, 3, 311
Let y be (-5)/4*36*(-156)/18. Let f = -113 + y. What are the prime factors of f?
277
Let u(o) = 2*o**2 - 12*o - 12. Let y be u(7). Suppose 3*b - 4*p - 3 = 0, y*b + b + 4*p - 3 = 0. What are the prime factors of 68/6*3 + (b - 4)?
31
What are the prime factors of (-63 - -5549)*((-3)/6 - 3/(-2))?
2, 13, 211
What are the prime factors of (13/((-260)/(-30)) - 3)/(1/(-1436))?
2, 3, 359
Let z(s) = s**3 + 13*s**2 - 2*s + 23. Suppose -q = b + 15, 2*q - 5 = b + 4. Let v be z(b). What are the prime factors of 2 + v/5 - (-6)/30?
2, 3
Let s = 7477 - -2898. List the prime factors of s.
5, 83
Let a(b) be the second derivative of 0 + 5/2*b**2 + 1/3*b**4 - 14*b - 1/10*b**5 + 1/2*b**3. What are the prime factors of a(-3)?
2, 43
Let d be 16*(-264 + (4 - 1)) + -3. Let q be d/15 + (-8)/20. Let h = q + 434. List the prime factors of h.
5, 31
Suppose -180*i + 181*i - 2 = 0. Suppose -331 = -3*q + i*y - 7*y, -4*q = -3*y - 451. What are the prime factors of q?
2, 7
Let o = 53 + -386. Let j = o - -521. List the prime factors of j.
2, 47
Suppose 85*c - 234 = 94*c. Let q = c + 51. What are the prime factors of q?
5
Suppose -5*d - 11370 = -v, 96*v - 101*v - 5*d = -56640. List the prime factors of v.
5, 2267
Suppose b = g - 4*g + 6, -4*g + 8 = b. Suppose 0 = -c - 2, -4*c - 304 = -g*u + c. Suppose 4*v - 6*v + 49 = t, 0 = 3*t - v - u. List the prime factors of t.
7
Suppose -3*c = r + 263 + 93, 0 = 3*r + 4*c + 1063. Let i = r - -482. What are the prime factors of i?
3, 43
Let o = 1759 - 687. Suppose o = 76*z - 68*z. List the prime factors of z.
2, 67
Let m(w) = -w**3 - 6*w**2 - 14*w - 72. Let q be m(-6). What are the prime factors of 782 - (-6)/(q/(-14))?
5, 31
Suppose 0 = 31*c + 2 + 60. What are the prime factors of (-2)/c*(-3)/((-9)/759)?
11, 23
Let q(n) be the second derivative of 5*n**3/3 + 349*n**2/2 - 92*n. List the prime factors of q(47).
3, 7, 13
Let k be 752 + 90/6 + -7. Let l = -331 + k. What are the prime factors of l?
3, 11, 13
Suppose 107*n - 3857556 - 1421408 + 1446010 = 0. What are the prime factors of n?
2, 17911
Suppose -6*j + 14 + 10 = 0. Suppose 4*m - 2*x - 3*x - 188 = 0, 148 = j*m + 5*x. Suppose -m = -w + 50. What